s -110 - 201221?
-201331
In base 9, what is -152123 + -3?
-152126
In base 8, what is 2616 - -24?
2642
In base 16, what is -5 - -157de?
157d9
In base 3, what is 12 - -11220201?
11220220
In base 15, what is 0 + -14ae56?
-14ae56
In base 10, what is -9 - 454?
-463
In base 2, what is -101 - 1100000110000100?
-1100000110001001
In base 11, what is -497 + -15?
-501
In base 13, what is -10 - 187?
-197
In base 3, what is -10222021222 + 2101?
-10222012121
In base 16, what is -47 + f0b?
ec4
In base 10, what is -3 - 166342?
-166345
In base 8, what is -54750750 - -4?
-54750744
In base 6, what is 5 + 2220?
2225
In base 14, what is -32c5 - 5?
-32ca
In base 15, what is 19 + -4215a?
-42141
In base 8, what is -237577 - 2?
-237601
In base 16, what is 3b81a + -5?
3b815
In base 8, what is -6 + -3330?
-3336
In base 9, what is -6 + 1816450?
1816443
In base 14, what is 4 - -721c?
7222
In base 4, what is 2 + 13231012?
13231020
In base 5, what is 4202 + -3?
4144
In base 6, what is -435234 - 13?
-435251
In base 12, what is 10a1 + -682?
61b
In base 9, what is -201768 + -11?
-201780
In base 15, what is 4 - -1011?
1015
In base 11, what is 296312 - -2?
296314
In base 6, what is 3051301 - 1?
3051300
In base 13, what is -3a80 - 5?
-3a85
In base 14, what is -4a - 0?
-4a
In base 8, what is -242 + -4531?
-4773
In base 9, what is -73287 + 42?
-73245
In base 5, what is 1134 - -14000?
20134
In base 6, what is 5222 - 11053?
-1431
In base 12, what is -567 + 3?
-564
In base 16, what is -9a + 8c?
-e
In base 16, what is -15 + -f0db?
-f0f0
In base 11, what is 87 - -1405?
1491
In base 5, what is 1 - -201141102?
201141103
In base 14, what is -402 + -dd?
-501
In base 11, what is 18 - -101657?
101674
In base 6, what is 135104 + -225?
134435
In base 16, what is 12c77 - 0?
12c77
In base 2, what is -10100000 - -10011000100?
10000100100
In base 4, what is -1230130 - -1?
-1230123
In base 6, what is -2 - 1241131?
-1241133
In base 8, what is 27 - -204032?
204061
In base 10, what is 1281970 - -3?
1281973
In base 14, what is -1 - 13ddc?
-13ddd
In base 10, what is 6 + -3802?
-3796
In base 7, what is 5 - -531605?
531613
In base 16, what is -158b - 4?
-158f
In base 9, what is 22 + -21801?
-21768
In base 4, what is 1023002000 + 2?
1023002002
In base 15, what is 609d - -1b?
60b9
In base 7, what is -256351 + 2?
-256346
In base 8, what is 36740 - 101?
36637
In base 7, what is -2462 + 264?
-2165
In base 8, what is 13300 - -61?
13361
In base 7, what is -2105 - -24?
-2051
In base 9, what is 16 - -14411?
14427
In base 16, what is 3 + 2555a?
2555d
In base 14, what is 2bc49 + 2?
2bc4b
In base 16, what is 4406c + -2?
4406a
In base 6, what is 0 - 312505?
-312505
In base 4, what is -303 - 1012?
-1321
In base 16, what is 1b + 2cbd?
2cd8
In base 8, what is -35257 + -3?
-35262
In base 10, what is -5 + 11966?
11961
In base 14, what is b086d - 2?
b086b
In base 10, what is 105 + 198?
303
In base 3, what is 1011 + -221020020?
-221012002
In base 15, what is -92a02 - -3?
-929ee
In base 13, what is 46869 + -3?
46866
In base 14, what is 41 - 21?
20
In base 7, what is -1 - -56250?
56246
In base 16, what is 281c + 6?
2822
In base 7, what is 210 + -3434?
-3224
In base 14, what is 4759a - -3?
4759d
In base 15, what is 15ec - 3?
15e9
In base 4, what is 112 - -111012?
111130
In base 11, what is 42a9 - -48?
4346
In base 13, what is 115 + -5aa?
-495
In base 6, what is 54250 + 2040?
100330
In base 4, what is 10100002121 + 0?
10100002121
In base 10, what is -1919 + -13?
-1932
In base 8, what is 3471 - -52?
3543
In base 2, what is -1111110111 - 100100100110?
-110100011101
In base 10, what is 662396 + 3?
662399
In base 12, what is -7465 - 7?
-7470
In base 6, what is -1 - -100422?
100421
In base 10, what is 434 - -14?
448
In base 13, what is -79463 - -9?
-79457
In base 14, what is 1c981 - -5?
1c986
In base 7, what is 210623 - 62?
210531
In base 2, what is 1000010111011100 - -10001?
1000010111101101
In base 13, what is -211a + -14?
-2131
In base 5, what is -3013 - -12314?
4301
In base 14, what is 27 + -d101?
-d0b8
In base 2, what is -11100111110000100 - -10?
-11100111110000010
In base 7, what is 1331551 - 11?
1331540
In base 15, what is -3842 + -3?
-3845
In base 15, what is -7 + 6bee?
6be7
In base 16, what is a82cee + -3?
a82ceb
In base 8, what is -1755 - 71?
-2046
In base 13, what is -11355 - -1?
-11354
In base 4, what is 10223 + -2030230?
-2020001
In base 4, what is 200312 + 1?
200313
In base 5, what is 3 + -114104?
-114101
In base 10, what is 3 + 18137?
18140
In base 14, what is -15a7 - -15?
-1592
In base 6, what is -112 + 1530?
1414
In base 10, what is -5495 + -8?
-5503
In base 11, what is -10 - 7a3?
-803
In base 3, what is -10112220222 - -12?
-10112220210
In base 8, what is -40301 - -12?
-40267
In base 13, what is -1271a - 7?
-12724
In base 14, what is 6c + -93?
-25
In base 4, what is 300203010 + 2?
300203012
In base 9, what is 1277 - 181?
1086
In base 8, what is -5 - 11071?
-11076
In base 5, what is 232021 + 4?
232030
In base 16, what is -42a5e + -4?
-42a62
In base 13, what is -202cc - -1?
-202cb
In base 3, what is 21002212221012 - 0?
21002212221012
In base 16, what is -3f98 + -1d?
-3fb5
In base 12, what is -1b76 + -18?
-1b92
In base 14, what is 1428 + 1?
1429
In base 10, what is 2 + -1233050?
-1233048
In base 3, what is -2 - -20102022?
20102020
In base 5, what is 13430 - -3204?
22134
In base 6, what is -451 + -10024?
-10515
In base 2, what is 1001110 + 101011111111111?
101100001001101
In base 12, what is -6278 - -4?
-6274
In base 9, what is 1122 - -702?
1824
In base 11, what is -13851 + -7?
-13858
In base 4, what is -1000213 - 220?
-1001033
In base 11, what is 416 - -276?
691
In base 9, what is 43875 - 83?
43782
In base 16, what is -1 - 489ec?
-489ed
In base 13, what is -c1 - 12428?
-12519
In base 9, what is -6 - 464?
-471
In base 2, what is 101111100 - -1011111000?
10001110100
In base 9, what is 38501 - 3?
38487
In base 12, what is -b864 - 5?
-b869
In base 7, what is -11231 + -2256?
-13520
In base 12, what is -3706 + -185?
-388b
In base 12, what is 1bb - -2?
201
In base 14, what is b77 + 56?
bcd
In base 13, what is -54b - -b?
-540
In base 12, what is 3311 + 3?
3314
In base 6, what is -43 + -13113?
-13200
In base 4, what is -133120033 + -11?
-133120110
In base 7, what is -1611604 - 5?
-1611612
In base 9, what is -220173 - 4?
-220177
In base 11, what is -124005 + -1?
-124006
In base 4, what is -32212230 - 3?
-32212233
In base 11, what is 3a94 + 3?
3a97
In base 13, what is -404 + 2b3?
-121
In base 16, what is 6a + -5578?
-550e
In base 12, what is -1557 - -643?
-b14
In base 8, what is -12176 - -2?
-12174
In base 13, what is -b1 + -1c5?
-2a6
In base 11, what is 8 - 1369?
-1361
In base 12, what is -3 - 13281?
-13284
In base 8, what is -367 - -2167?
1600
In base 8, what is 2341 - 357?
1762
In base 12, what is -4 - 4364?
-4368
In base 5, what is 1343 - -1211?
3104
In base 13, what is 2468 + 10?
2478
In base 7, what is -5 + -1454441?
-1454446
In base 15, what is -31b8 + -4?
-31bc
In base 2, what is 10 + -10011011011011?
-10011011011001
In base 15, what is -3c + 486?
449
In base 5, what is -4 + 2242200?
2242141
In base 13, what is 7 - 3c11?
-3c07
In base 11, what is 1128 + a?
1137
In base 4, what is -223312 - -200?
-223112
In base 8, what is 1516 + 246?
1764
In base 5, what is 4 + -1021031?
-1021022
In base 9, what is 11 + -47243?
-47232
In base 3, what is -1000222101 + -12?
-1000222120
In base 13, what is -274 + 258?
-19
In base 12, what is -23 - 3665?
-3688
In base 5, what is -1 + 1240124?
1240123
In base 4, what is 321331 + -11?
321320
In base 4, what is -1311332100 - -1?
-1311332033
In base 11, what is -60111 - 1?
-60112
In base 14, what is 1 + c8b08?
c8b09
In base 2, what is -110001011 + 101111?
-101011100
In base 14, what is -33919 + -49?
-33964
In base 7, what is 45 + 126345?
126423
In base 2, what is -10111111111100 + 101?
-10111111110111
In base 2, what is 11010011100011011 + -1100?
11010011100001111
In base 2, what is -101001100010 - -1111?
-101001010011
In base 12, what is -3 - -267089?
267086
In base 7, what is -41 + -3631?
-4002
In base 15, what is -6a2c9b - -5?
-6a2c96
In base 6, what is 40 - -213424?
213504
In base 3, what is 12 - -122010001?
122010020
In base 7, what is 16221 - 432?
15456
In base 11, what is -3153a + 12?
-